osite?
False
Is 35515 a composite number?
True
Is 77 prime?
False
Is 150791 a composite number?
False
Is 1249 composite?
False
Is 54163 a prime number?
True
Is 11879 a prime number?
False
Is 9127 prime?
True
Is 382 composite?
True
Is 36213 a composite number?
True
Is 38062 a prime number?
False
Is 118857 composite?
True
Is 14971 a prime number?
False
Is 226157 composite?
True
Is 6326 composite?
True
Is 15185 a composite number?
True
Is 275419 a prime number?
True
Is 28685 prime?
False
Is 409429 a composite number?
False
Is 41011 prime?
True
Is 53171 a composite number?
False
Is 198143 a composite number?
True
Is 2307 prime?
False
Is 105371 a composite number?
True
Is 10342 prime?
False
Is 136729 composite?
True
Is 7607 composite?
False
Is 878479 prime?
False
Is 33851 a prime number?
True
Is 10133 a prime number?
True
Is 170141 prime?
True
Is 15013 composite?
False
Is 118018 prime?
False
Is 562795 prime?
False
Is 6737 a prime number?
True
Is 47953 prime?
False
Is 38345 a composite number?
True
Is 51683 a prime number?
True
Is 47627 composite?
True
Is 6926 composite?
True
Is 2939 a prime number?
True
Is 636449 a composite number?
True
Is 70489 a composite number?
False
Is 902087 composite?
False
Is 19151 a composite number?
True
Is 107989 a prime number?
False
Is 77681 prime?
True
Is 30833 a composite number?
True
Is 651535 a prime number?
False
Is 519067 a prime number?
True
Is 72997 a prime number?
True
Is 631931 a prime number?
True
Is 327599 composite?
False
Is 34063 composite?
True
Is 1201 prime?
True
Is 130903 a prime number?
False
Is 8663 prime?
True
Is 8999 composite?
False
Is 16413 a prime number?
False
Is 15877 a prime number?
True
Is 2034742 composite?
True
Is 68131 composite?
True
Is 4759 prime?
True
Is 369899 a prime number?
False
Is 7807 a composite number?
True
Is 1403291 a composite number?
True
Is 787 composite?
False
Is 19549 composite?
True
Is 2710997 composite?
False
Is 29077 composite?
False
Is 2473 composite?
False
Is 520279 a composite number?
False
Is 4306 a composite number?
True
Is 210845 a prime number?
False
Is 49186 a prime number?
False
Is 5557 a composite number?
False
Is 29501 composite?
False
Is 574017 a prime number?
False
Is 7069 composite?
False
Is 403561 prime?
False
Is 6167 composite?
True
Is 427361 prime?
False
Is 185 prime?
False
Is 696343 composite?
False
Is 683299 composite?
False
Is 11677 composite?
False
Is 477461 a prime number?
True
Is 156713 a composite number?
True
Is 8491 prime?
False
Is 2411 prime?
True
Is 866843 prime?
True
Is 767693 a composite number?
True
Is 4957 a prime number?
True
Is 13229 a composite number?
False
Is 16649 prime?
True
Is 16787 a prime number?
True
Is 7837 prime?
False
Is 10847 a composite number?
False
Is 1256441 composite?
True
Is 13493 prime?
False
Is 519 a composite number?
True
Is 13291 a composite number?
False
Is 169231 a composite number?
True
Is 57221 a prime number?
True
Is 83969 prime?
True
Is 8509 composite?
True
Is 5591 composite?
False
Is 411883 a prime number?
True
Is 12479 composite?
False
Is 58573 prime?
True
Is 854571 a composite number?
True
Is 15221 a composite number?
True
Is 292121 a composite number?
True
Is 2747401 a composite number?
False
Is 31561 prime?
False
Is 97649 composite?
False
Is 877853 a prime number?
True
Is 211 prime?
True
Is 358 composite?
True
Is 17653 prime?
False
Is 260567 a prime number?
False
Is 39659 a composite number?
False
Is 62851 a prime number?
True
Is 260621 composite?
True
Is 129263 composite?
False
Is 27397 composite?
False
Is 39499 a composite number?
False
Is 11967 composite?
True
Is 102229 a prime number?
True
Is 8221 a composite number?
False
Is 5749 prime?
True
Is 421649 composite?
True
Is 2411 a prime number?
True
Is 104527 a prime number?
True
Is 10079 a composite number?
False
Is 8871 composite?
True
Is 92507 composite?
False
Is 859783 prime?
True
Is 767642 prime?
False
Is 30413 a prime number?
False
Is 23093 prime?
False
Is 4111 prime?
True
Is 5163 a composite number?
True
Is 2195 prime?
False
Is 2149 a composite number?
True
Is 78259 a prime number?
True
Is 56071 prime?
False
Is 29157 composite?
True
Is 521 a composite number?
False
Is 1157 a composite number?
True
Is 690737 a composite number?
True
Is 1966 a prime number?
False
Is 1619 composite?
False
Is 13649 a composite number?
False
Is 3501503 prime?
True
Is 39803 a composite number?
True
Is 49341 composite?
True
Is 9757 a composite number?
True
Is 517103 a composite number?
True
Is 41077 a prime number?
True
Is 127051 a composite number?
False
Is 3611 a prime number?
False
Is 391 a prime number?
False
Is 34791 prime?
False
Is 2705 a prime number?
False
Is 125777 a prime number?
True
Is 147502 a composite number?
True
Is 511417 prime?
True
Is 85757 a prime number?
False
Is 22805 prime?
False
Is 8197 prime?
False
Is 35314 a prime number?
False
Is 21647 a prime number?
True
Is 479657 prime?
False
Is 13121 prime?
True
Is 16697 composite?
True
Is 8698 a composite number?
True
Is 6007 a composite number?
False
Is 17002 prime?
False
Is 116843 prime?
False
Is 21763 a composite number?
True
Is 1977 a prime number?
False
Is 139613 a composite number?
True
Is 28058 prime?
False
Is 14251 a prime number?
True
Is 4369 prime?
False
Is 15395 a prime number?
False
Is 7499 a prime number?
True
Is 1337551 a composite number?
False
Is 146477 a prime number?
True
Is 767 prime?
False
Is 1894 a prime number?
False
Is 87509 composite?
False
Is 400997 prime?
True
Is 4313 prime?
False
Is 13813 a composite number?
True
Is 24971 a composite number?
False
Is 89315 a prime number?
False
Is 1567 a composite number?
False
Is 51059 prime?
True
Is 3647 prime?
False
Is 298283 a prime number?
True
Is 2075569 composite?
True
Is 1147 a prime number?
False
Is 142447 prime?
False
Is 11201 prime?
False
Is 236729 a prime number?
True
Is 112909 a composite number?
False
Is 28151 a prime number?
True
Is 2633 prime?
True
Is 853549 a composite number?
True
Is 2041 a prime number?
False
Is 707215 a composite number?
True
Is 88243 composite?
True
Is 721841 composite?
True
Is 2405509 prime?
True
Is 198443 prime?
False
Is 270363 composite?
True
Is 3989 a prime number?
True
Is 14533 composite?
False
Is 2181 prime?
False
Is 33457 a prime number?
True
Is 5938 composite?
True
Is 20789 composite?
False
Is 1446947 a prime number?
False
Is 360897 composite?
True
Is 9599 composite?
True
Is 30497 a composite number?
False
Is 958777 composite?
False
Is 17257 a composite number?
False
Is 106931 a prime number?
False
Is 662339 composite?
False
Is 69077 a prime number?
False
Is 117989 prime?
True
Is 74071 a composite number?
False
Is 3261 a composite number?
True
Is 328189 a composite number?
True
Is 41281 a prime number?
True
Is 44753 composite?
False
Is 8147 composite?
False
Is 503242 a composite number?
True
Is 452131 composite?
False
Is 52409 prime?
False
Is 245771 a prime number?
True
Is 1255721 a prime number?
True
Is 49727 prime?
True
Is 9055 composite?
True
Is 22259 a prime number?
True
Is 4003 prime?
True
Is 281867 composite?
False
Is 339119 a prime number?
False
Is 32419 a prime number?
False
Is 119093 prime?
False
Is 24967 a composite number?
False
Is 10313 a prime number?
True
Is 41653 a composite number?
True
Is 18137 composite?
True
Is 77003 a composite number?
False
Is 1140197 a composite number?
False
Is 1948891 a composite number?
True
Is 52361 a composite number?
False
Is 11659 a composite number?
True
Is 343834 composite?
True
Is 2923 a composite number?
True
Is 177185 a prime number?
False
Is 42509 a prime number?
True
Is 31307 prime?
True
Is 19553 composite?
False
Is 22298 a prime number?
False
Is 497801 a composite number?
False
Is 515111 prime?
True
Is 134581 a composite number?
False
Is 13661 prime?
False
Is 8147 prime?
True
Is 52859 a prime number?
True
Is 33961 prime?
True
Is 582023 a composite number?
True
Is 11783 a composite number?
False
Is 17747 prime?
True
Is 581 a composite number?
True
Is 20477 a prime number?
True
Is 43423 a composite number?
True
Is 204457 a prime number?
False
Is 88721 a prime number?
True
Is 46707 prime?
False
Is 52223 a prime number?
True
Is 30409 composite?
True
Is 336689 a composite number?
False
Is 367301 composite?
True
Is 28963 a composite number?
Tru